**2 + 8*o - 7140. Determine a(893).
4
Let m(i) = i**3 - 286*i**2 - 3178*i - 4. What is m(-11)?
-983
Let p(g) = -g**2 - 1055*g + 785730. What is p(-1559)?
-6
Let t(p) = 29*p**2 - 520*p - 63. Give t(18).
-27
Let t(i) = -760*i**3 + 3*i**2 - 61*i + 58. Calculate t(1).
-760
Let n(m) = m**3 - 111*m**2 + 677*m - 88547. Give n(112).
-179
Let x(n) = 1287*n**2 + 8988*n - 150. Determine x(-7).
-3
Let z(i) = 3*i**2 + 152*i - 1828. What is z(-63)?
503
Let t(g) = 13*g**2 - 4*g - 242. Give t(16).
3022
Let v(h) = 105*h - 10996. Give v(106).
134
Let w(s) = 535*s - 45316. Determine w(85).
159
Let o(d) = 410*d**2 - 80*d + 76. Give o(1).
406
Let h(k) = -139*k**2 - 9455*k - 264. Give h(-68).
-60
Let b(d) = 2*d**3 - 49*d**2 - 289*d - 9. Calculate b(31).
3525
Let k(r) = r**2 - 262*r + 9571. Determine k(218).
-21
Let k(x) = -465*x**2 - 69*x - 69. Calculate k(-1).
-465
Let y(o) = -11*o**3 - 7523*o**2 + 680*o - 2747. Calculate y(-684).
-11
Let s(y) = 4*y**2 + 192*y + 2675. What is s(-25)?
375
Let k(l) = -l**3 - 249*l**2 - 1730*l - 8700. Calculate k(-242).
12
Let q(g) = -2*g**2 - 1046*g - 12982. Give q(-12).
-718
Let p(b) = -111*b**3 - 26421*b**2 - 712*b + 477. What is p(-238)?
1
Let j(g) = -777*g**2 - 3100*g + 2. What is j(-4)?
-30
Let n(t) = 68060*t - 340377. Determine n(5).
-77
Let b(k) = -32145*k + 675036. Give b(21).
-9
Let l(z) = -8*z**2 + 493*z + 2048. Determine l(65).
293
Let i(u) = -4*u**2 - 138*u - 800. Calculate i(-34).
-732
Let h(a) = -224*a**2 + 5571*a + 680. Determine h(25).
-45
Let a(x) = -2154*x + 32266. Give a(15).
-44
Let b(l) = 291*l - 49073. Give b(177).
2434
Let u(z) = -3*z**2 + 169*z + 5466. What is u(-23)?
-8
Let r(z) = -25*z - 72. What is r(61)?
-1597
Let m(v) = -3188605*v + 60583502. Give m(19).
7
Let g(r) = -r**2 + 1716*r - 97754. Give g(59).
9
Let l(m) = -24*m**2 - 1301*m - 97. What is l(-54)?
173
Let o(l) = 6*l**2 - 904*l + 3492. What is o(150)?
2892
Let b(o) = -2964*o - 26756. Give b(-9).
-80
Let g(d) = -2*d**3 + 38*d**2 + 104*d - 15. Determine g(-3).
69
Let m(u) = -40*u**2 + 12360*u - 12379. What is m(1)?
-59
Let x(b) = b**3 + 20*b**2 - 560*b - 10952. Calculate x(-19).
49
Let n(z) = -z**3 - 19*z**2 + 481*z + 1027. Determine n(-2).
-3
Let d(n) = 5*n**2 + 1779*n + 93144. Give d(-292).
-4
Let w(q) = -q**3 - 12*q**2 - 144*q - 1916. Give w(-14).
492
Let t(n) = -4046*n - 1145027. Give t(-283).
-9
Let i(d) = -2*d**2 + 186*d + 433. What is i(103)?
-1627
Let d(k) = -513*k**2 + 22067*k - 98. Calculate d(43).
246
Let l(v) = v**3 - 2787*v**2 - 5*v - 21. Give l(0).
-21
Let c(o) = 2*o**3 - 679*o**2 - 447*o + 36386. Determine c(340).
6
Let c(w) = -6993*w - 118827. Calculate c(-17).
54
Let c(o) = o**2 + 59*o - 11103. Determine c(-138).
-201
Let a(j) = j**3 + 67*j**2 + 4924*j + 359377. Determine a(-70).
-3
Let m(k) = 268*k**2 + 1643*k + 222. What is m(-6)?
12
Let b(g) = -34*g**2 + 295*g - 603. What is b(3)?
-24
Let x(p) = 5*p**3 + 20*p**2 - 50*p - 49. Calculate x(3).
116
Let l(t) = -104*t**2 + 2368*t - 12337. Calculate l(8).
-49
Let j(h) = 2*h**3 - 39*h**2 - 1073*h + 28. Give j(-15).
598
Let u(x) = x**3 - 395*x**2 + 18127*x - 74. Calculate u(53).
-21
Let k(i) = 2*i**3 - 897*i**2 - 463*i + 6437. Determine k(449).
151
Let y(j) = 4*j**3 - 1715*j**2 - 3658*j - 95272. Determine y(431).
-21
Let z(w) = -w**3 - 2*w**2 + 50*w - 39. Determine z(7).
-130
Let s(r) = -r**2 + 62*r + 1818. Give s(81).
279
Let d(m) = -2*m**3 + 434*m**2 + 4071*m + 27. Determine d(-9).
0
Let o(n) = n**3 + 158*n**2 + 125*n - 29172. What is o(-156)?
0
Let f(j) = -83*j + 1999. Calculate f(22).
173
Let h(y) = 1446*y + 12305. Determine h(-9).
-709
Let y(n) = -n**2 + 18191*n + 127352. Determine y(-7).
-34
Let g(y) = 4*y**2 - 243*y - 1971. Give g(68).
1
Let n(h) = -515*h - 172. Give n(-1).
343
Let y(j) = -j**2 + 986*j - 63269. Give y(69).
4
Let u(f) = -2*f**3 + 30*f**2 - 120*f + 1330. Calculate u(14).
42
Let q(t) = 10*t**2 - 18617*t - 130812. Calculate q(-7).
-3
Let t(n) = n**3 - 91*n**2 - 902*n + 96125. Calculate t(89).
5
Let y(d) = 123802*d + 866621. What is y(-7)?
7
Let r(d) = 6*d**3 - 3901*d**2 - 11117*d + 10450. Determine r(653).
2
Let f(h) = h**2 + 236*h + 11818. Give f(-158).
-506
Let f(h) = -227*h - 56917. What is f(-247)?
-848
Let h(x) = -294*x**2 + 79381*x - 53. Give h(270).
217
Let d(g) = 8*g**3 - 133*g**2 + 387*g - 7462. Determine d(17).
-16
Let i(n) = 58626*n + 938024. Calculate i(-16).
8
Let i(h) = -192*h + 6590. What is i(31)?
638
Let j(g) = 17988*g + 53745. What is j(-3)?
-219
Let t(h) = 563*h + 17497. Determine t(-31).
44
Let s(j) = -j**3 - 10*j**2 - 287*j - 1335. What is s(-5)?
-25
Let o(z) = 18*z**2 - 1062*z - 1057. What is o(-1)?
23
Let g(v) = 298415*v + 43867001. Give g(-147).
-4
Let c(f) = -157*f + 12601. Calculate c(94).
-2157
Let c(x) = 290*x - 30481. Give c(105).
-31
Let h(q) = 29*q**2 - 622*q - 1257. What is h(-2)?
103
Let r(d) = -d**3 + 46*d**2 - 448*d + 4412. Calculate r(37).
157
Let s(y) = 24179*y - 24347. Calculate s(1).
-168
Let y(i) = -i**2 - 373*i - 2911. Determine y(-365).
9
Let h(s) = -6*s**2 - 82*s - 30. Determine h(-15).
-150
Let r(x) = 115*x - 2678. Give r(31).
887
Let a(o) = 2*o**2 + 2614*o + 68198. Determine a(-26).
1586
Let o(z) = -129524*z - 518060. What is o(-4)?
36
Let l(p) = -205*p - 65. What is l(0)?
-65
Let p(q) = -7*q**3 - 191*q**2 - 12*q + 65. What is p(-27)?
-1069
Let k(s) = 21*s**2 + 1708*s - 5088. Determine k(3).
225
Let z(s) = s**2 + 155*s + 3122. What is z(-23)?
86
Let g(x) = 497*x**2 - 2142*x + 632. Give g(4).
16
Let s(n) = 176*n + 3094. What is s(-20)?
-426
Let k(i) = -20*i**3 + 3642*i**2 - 358*i - 1085. Give k(182).
7
Let w(f) = 10*f**2 + 725*f - 12592. Determine w(-87).
23
Let k(p) = 68*p**3 - 2370*p**2 - 352*p + 56. Give k(35).
-14
Let u(o) = 985*o - 175327. Determine u(178).
3
Let x(b) = 3*b**3 + 55*b**2 - 43*b - 25. Determine x(-18).
1073
Let m(j) = -j**3 + 783*j**2 - 9250*j + 21. Calculate m(12).
45
Let m(f) = -24*f**3 + 14622*f**2 - 3675*f + 12799. Give m(609).
10
Let p(w) = w**3 + 687*w**2 - 2875*w - 76810. Calculate p(-691).
-109
Let c(u) = -4700*u + 29743. Determine c(7).
-3157
Let w(r) = 7245*r + 35828. Calculate w(-5).
-397
Let c(k) = k**2 + 380*k + 28825. Calculate c(-108).
-551
Let h(t) = 2*t**3 + 12*t**2 - t + 214. Determine h(-8).
-34
Let w(a) = 8*a**2 - 2701*a - 3703. What is w(339)?
26
Let l(p) = -2*p**3 - 228*p**2 - 2105*p - 425. Determine l(-10).
-175
Let q(p) = 1302016*p + 6510085. Determine q(-5).
5
Let t(d) = d**3 + 32*d**2 - 168*d - 773. Give t(-36).
91
Let z(t) = -t**3 - 85*t**2 - 23*t + 11920. What is z(-83)?
51
Let b(a) = -2005*a**2 - 2000992*a - 1998. What is b(-998)?
-2
Let y(k) = -k**3 - 4*k**2 + 2610*k + 10456. Give y(-4).
16
Let r(j) = -1834*j - 115549. What is r(-63)?
-7
Let h(b) = -b**3 + 55*b**2 - 27*b + 1476. Determine h(55).
-9
Let r(n) = 3832*n - 705078. Give r(184).
10
Let c(z) = -2*z**3 + 30*z**2 - 218*z + 1190. Give c(10).
10
Let s(c) = 302*c - 2729. What is s(18)?
2707
Let y(x) = -3623*x - 3206358. Give y(-885).
-3
Let c(k) = k**3 - 51*k**2 - 711*k + 38045. Determine c(50).
-5
Let q(h) = -1928*h + 132733. Calculate q(69).
-299
Let n(u) = -10*u**2 - 887*u - 3464. Give n(-4).
-76
Let z(y) = -y**3 - 1105*y**2 + 953*y - 169221. Give z(-1106).
-3
Let c(q) = 623*q + 15235. Determine c(-22).
1529
Let r(t) = -t**2 + 4513*t + 140897. What is r(-31)?
33
Let o(b) = 740*b - 9348. What is o(17)?
3232
Let k(b) = b**3 - 76*b**2 + 9*b - 7011. What is k(77)?
-389
Let h(v) = 15*v**3 + 58*v**2 - 28*v - 111. Calculate h(-4).
-31
Let o(u) = 7*u + 997. What is o(-69)?
514
Let n(a) = 154*a - 33962. Calculate n(212).
-1314
Let f(v) = -v**2 + 2407*v - 87687. What is f(37)?
3
Let q(b) = 6*b**3 + 28*b**2 - b + 35. What is q(-5)?
-10
Let w(q) = 1177402*q - 3532194. What is w(3)?
12
Let h(x) = -10*x**3 - 1956*x**2 + 2743*x - 2961. Calculate h(-197).
-6
Let m(l) = 10*l**3 - 301*l**2 - 69*l + 2974. Give m(30).
4
Let k(o) = -26*o**2 + 6401*o + 51303. What is k(-8)?
-1569
Let a(s) = 7729*s - 3578533. Calculate a(463).
-6
Let o(f) = -1502*f + 222299. Calculate o(148).
3
Let q(r) = -4290*r + 81536. Give q(19).
26
Let w(l) = -l**3 - 37*l**2 - 296*l - 463. Give w(-28).
769
Let b(h) = -h**3 - 1178*h**2 + 11802*h + 16. Calculate b(10).
-764
Let c(y) = -4*y**2 + 670*y - 12510. What is c(146)?
46
Let t(w) = -5290982*w + 21163926. What is